 to base 6
-230211545
What is 32c242 (base 13) in base 3?
2020212000101
-1210101200 (base 3) to base 7
-204600
What is -2110200200 (base 3) in base 7?
-261513
Convert -4cbb6 (base 14) to base 7.
-1414516
Convert 1423720 (base 10) to base 12.
587ab4
Convert 843962 (base 12) to base 5.
1013031104
What is -1122000013 (base 4) in base 13?
-cba46
Convert 8114 (base 9) to base 10.
5926
-347064 (base 9) to base 5
-23133202
-12211001221102 (base 3) to base 5
-1242413041
What is 31052341 (base 6) in base 9?
1611587
215400021 (base 6) to base 7
45115441
Convert b588 (base 14) to base 5.
2000114
What is -302132012 (base 6) in base 16?
-4e7ec8
Convert 304647 (base 8) to base 13.
36b3c
46195a (base 11) to base 3
1101022121000
-1648234 (base 10) to base 3
-10002201221201
What is 1c08712 (base 13) in base 4?
203132301223
Convert -224782 (base 12) to base 9.
-1023488
What is 1a20a9 (base 11) in base 12?
12b656
What is -168a59 (base 13) in base 16?
-8934f
14234450 (base 7) to base 8
5062357
Convert -2030143030 (base 5) to base 3.
-21210200010021
Convert 677649 (base 14) to base 5.
1400010210
Convert -1012000111221 (base 3) to base 11.
-3a0559
Convert 29510 (base 15) to base 12.
649b9
What is -2221303224 (base 5) in base 8?
-22446105
What is 4ab53 (base 14) in base 15?
394c3
What is 1100000010000100000 (base 2) in base 13?
10a5c8
Convert -65238 (base 9) to base 5.
-2340313
Convert -2161137 (base 10) to base 16.
-20f9f1
-181ab (base 12) to base 5
-2103320
-699da (base 14) to base 12
-104990
-3234212234 (base 5) to base 6
-404503210
What is -157b4b6 (base 14) in base 15?
-dcb9b6
Convert -1034110440 (base 5) to base 10.
-2253870
-582478 (base 9) to base 16
-55592
-313200200 (base 4) to base 8
-674040
Convert -111232212122 (base 4) to base 6.
-322025522
61436 (base 10) to base 2
1110111111111100
-464d67 (base 15) to base 10
-3357772
What is -364115 (base 8) in base 2?
-11110100001001101
Convert -63515215 (base 7) to base 10.
-5382466
Convert 11311440 (base 5) to base 3.
12021122200
Convert -101001110101101110 (base 2) to base 16.
-29d6e
Convert 14a05c1 (base 14) to base 5.
10034104031
Convert 64116 (base 8) to base 2.
110100001001110
-454211 (base 9) to base 4
-1002123121
Convert -6013644 (base 10) to base 6.
-332520540
Convert -145b7b (base 15) to base 14.
-1b78bb
What is -742456 (base 10) in base 13?
-1ccc30
-10011110211121 (base 3) to base 10
-1682413
Convert 222122112 (base 6) to base 2.
1111010110001111011100
1143a8 (base 12) to base 16
43a30
Convert 43277 (base 10) to base 12.
21065
Convert -1000401 (base 11) to base 15.
-2500b6
What is -1576021 (base 11) in base 3?
-12001112022002
Convert 231449 (base 15) to base 13.
46850a
What is -17b7b (base 14) in base 8?
-164761
150522432 (base 6) to base 11
1842144
Convert 83162 (base 9) to base 11.
381aa
Convert 1310221 (base 4) to base 14.
2a13
Convert -1011101100101010100 (base 2) to base 12.
-1659b0
Convert -8700340 (base 9) to base 14.
-8961b0
What is 511543 (base 7) in base 10?
87055
b49670 (base 15) to base 16
8308bf
-40642 (base 16) to base 8
-1003102
-143915 (base 10) to base 13
-50675
Convert -606555 (base 7) to base 14.
-29865
-23033140 (base 5) to base 6
-4223004
-2413033342 (base 5) to base 16
-5563c1
15287b (base 12) to base 6
11353435
Convert -346112 (base 7) to base 10.
-62141
-26d52db (base 14) to base 10
-18799729
What is -110000110101001011 (base 2) in base 15?
-3e3e1
What is 13311041 (base 5) in base 6?
2521402
What is 10567 (base 12) in base 13?
9a57
What is 11011100110000011000 (base 2) in base 13?
258751
2310232 (base 4) to base 3
120212101
Convert 7946a9 (base 11) to base 8.
4647217
What is -1540516 (base 7) in base 2?
-110011101001011010
What is -2011210 (base 4) in base 7?
-33631
-765441 (base 11) to base 6
-42111111
804124 (base 9) to base 2
1110100000100010011
What is -a7d154 (base 15) in base 14?
-10c090c
Convert b931 (base 12) to base 13.
9349
Convert 43a4a (base 12) to base 14.
2493c
What is -23551b (base 12) in base 11?
-359765
279473 (base 15) to base 3
10120202111100
-10101101010111100010011 (base 2) to base 13
-123b9b6
-14122 (base 10) to base 12
-820a
-4065273 (base 8) to base 15
-163bb9
Convert 4734a (base 11) to base 13.
25119
What is 10012221002 (base 3) in base 2?
1111011110001011
-23242032 (base 7) to base 3
-10211211210020
120202002102 (base 3) to base 2
1001011101010000010
Convert -5267c (base 13) to base 9.
-245405
Convert -111100012101201 (base 3) to base 10.
-7089814
Convert 130677 (base 13) to base 16.
6fd68
What is 5ffca (base 16) in base 10?
393162
What is -21b577 (base 14) in base 6?
-40314245
-1312451 (base 6) to base 9
-118544
Convert -101001011000010 (base 2) to base 15.
-6426
-111110010010001101 (base 2) to base 14
-68d89
-1026b14 (base 12) to base 11
-1796623
1283c4c (base 13) to base 8
26114746
What is 484a61 (base 12) in base 8?
4354351
-144333 (base 13) to base 14
-cc4c2
Convert 34003462 (base 8) to base 2.
11100000000011100110010
What is 17373a1 (base 11) in base 5?
1223441012
-3432371 (base 8) to base 2
-11100011010011111001
What is 4503360 (base 9) in base 2?
1001001111101011000101
What is 1103432 (base 5) in base 12?
b176
What is -23f1b6 (base 16) in base 11?
-136990a
What is 303112211 (base 4) in base 6?
4301445
Convert -3a941 (base 12) to base 16.
-13bc1
472072 (base 8) to base 2
100111010000111010
Convert -1001011101011101111011 (base 2) to base 6.
-125053243
10015 (base 7) to base 10
2413
-56a3a (base 14) to base 11
-134215
-10301120 (base 6) to base 13
-a8204
1001001011000101010011 (base 2) to base 11
13a2753
-444072 (base 10) to base 3
-211120011010
What is 110100011011001111101 (base 2) in base 12?
6aa191
What is -83246 (base 12) in base 9?
-281120
Convert -34036 (base 13) to base 6.
-2005324
What is -1011221100111 (base 3) in base 4?
-2121132232
Convert 2532b1 (base 14) to base 8.
4675133
Convert 11101010010101 (base 2) to base 16.
3a95
What is 1212220122 (base 3) in base 11?
25981
92063 (base 11) to base 9
224444
Convert -134442202 (base 5) to base 7.
-5654662
What is -1424202410 (base 5) in base 13?
-a0c9c9
Convert -209210 (base 10) to base 13.
-742c1
Convert -112a15 (base 11) to base 9.
-303303
What is 30160551 (base 8) in base 15?
856376
What is -4461502 (base 7) in base 11?
-348384
-130aabc (base 14) to base 10
-9172574
-253251 (base 7) to base 13
-183a8
What is 53288 (base 11) in base 4?
102323200
What is 315153621 (base 7) in base 12?
6336959
-9a26 (base 13) to base 3
-1002111010
Convert 599525 (base 11) to base 7.
11033421
Convert 144a607 (base 11) to base 10.
2488372
Convert 1130223 (base 8) to base 16.
4b093
What is -1265606 (base 9) in base 5?
-134134132
What is -18830106 (base 9) in base 16?
-915d83
Convert -22ac3d (base 15) to base 8.
-6243274
-127072 (base 10) to base 5
-13031242
What is -35150411 (base 6) in base 16?
-109807
Convert 738604 (base 10) to base 16.
b452c
Convert -24d06 (base 15) to base 11.
-80463
Convert -10100101101100110111010 (base 2) to base 7.
-64103000
What is -230223103110 (base 4) in base 5?
-10444233300
What is 88a57 (base 11) in base 5?
13112143
-5620503 (base 9) to base 6
-144500433
Convert -1fed69 (base 16) to base 7.
-23533162
What is 58746 (base 14) in base 10?
215466
b9407 (base 14) to base 6
13334211
-28134 (base 12) to base 16
-d8b8
22022111000 (base 3) to base 9
268430
263f66 (base 16) to base 3
11201100101222
What is -13030360 (base 8) in base 9?
-5403642
Convert -6415 (base 9) to base 4.
-1021220
What is 194520 (base 10) in base 15?
3c980
What is 19a498 (base 12) in base 16?
6eb34
Convert 109a26 (base 12) to base 5.
32001404
9acd60 (base 14) to base 5
2321311021
What is -450204 (base 7) in base 4?
-103113213
What is 210100202021 (base 3) in base 2?
1100110101001100011
Convert -2c8cd (base 16) to base 5.
-21314402
What is -185ba (base 12) in base 13?
-1317a
What is -27373167 (base 8) in base 7?
-103225121
Convert 62663354 (base 7) to base 6.
305240415
1000020202012 (base 3) to base 5
114130420
29501 (base 10) to base 9
44418
What is 132132333312 (base 4) in base 5?
4021210121
11110010101101011100110 (base 2) to base 12
27b6606
-102002111122 (base 3) to base 8
-652343
237846 (base 10) to base 2
111010000100010110
What is 5d12c0 (base 14) in base 15?
430adc
Convert -2333413 (base 5) to base 12.
-20a5